152?
4
Calculate the highest common factor of 429 and 363.
33
What is the highest common factor of 20 and 10?
10
Calculate the highest common factor of 759 and 33.
33
Calculate the greatest common factor of 117 and 754.
13
Calculate the highest common divisor of 1 and 64.
1
What is the greatest common divisor of 72 and 16344?
72
What is the highest common factor of 10 and 6?
2
What is the greatest common factor of 410 and 6?
2
Calculate the highest common factor of 12319 and 97.
97
Calculate the highest common divisor of 222 and 47434.
74
Calculate the highest common factor of 95 and 4.
1
What is the highest common divisor of 705 and 105?
15
What is the highest common factor of 165 and 99?
33
What is the highest common factor of 22 and 77?
11
Calculate the greatest common divisor of 9638 and 122.
122
What is the highest common factor of 2910 and 60?
30
What is the greatest common factor of 173 and 1384?
173
What is the greatest common factor of 1 and 1571?
1
What is the highest common divisor of 2873 and 507?
169
Calculate the greatest common factor of 64 and 4.
4
Calculate the highest common divisor of 20223 and 63.
63
What is the greatest common divisor of 2975 and 50?
25
What is the highest common factor of 251 and 1?
1
What is the greatest common divisor of 380 and 228?
76
Calculate the greatest common factor of 5 and 2995.
5
Calculate the highest common divisor of 17 and 2159.
17
Calculate the highest common factor of 24 and 36.
12
What is the greatest common divisor of 649 and 472?
59
Calculate the highest common divisor of 2 and 2.
2
What is the greatest common divisor of 306 and 34?
34
What is the highest common divisor of 104 and 117?
13
What is the highest common divisor of 12 and 68?
4
Calculate the highest common divisor of 1012 and 308.
44
Calculate the greatest common divisor of 75164 and 76.
76
What is the greatest common divisor of 105 and 1020?
15
Calculate the highest common divisor of 38 and 3800.
38
What is the highest common factor of 36 and 444?
12
What is the greatest common divisor of 1252 and 4?
4
What is the highest common divisor of 54 and 5208?
6
Calculate the greatest common factor of 2095 and 5.
5
What is the highest common factor of 95 and 38?
19
Calculate the highest common divisor of 1776 and 1554.
222
Calculate the highest common factor of 9482 and 22.
22
What is the highest common factor of 442 and 13?
13
Calculate the highest common divisor of 775 and 50.
25
What is the highest common factor of 6580 and 141?
47
Calculate the highest common factor of 4082 and 4.
2
What is the greatest common factor of 236 and 28910?
118
Calculate the greatest common divisor of 92 and 207.
23
What is the highest common factor of 10653 and 159?
159
Calculate the greatest common factor of 405 and 80.
5
What is the highest common factor of 714 and 210?
42
What is the highest common divisor of 44792 and 44?
44
Calculate the highest common factor of 46 and 161.
23
Calculate the greatest common factor of 608 and 248.
8
What is the highest common divisor of 324 and 204?
12
Calculate the highest common factor of 141 and 3.
3
Calculate the highest common factor of 1411 and 415.
83
What is the highest common factor of 30 and 1410?
30
What is the highest common factor of 2665 and 2255?
205
Calculate the greatest common factor of 159 and 27.
3
Calculate the highest common factor of 32 and 176.
16
What is the greatest common factor of 2890 and 255?
85
What is the greatest common divisor of 18 and 1854?
18
Calculate the highest common divisor of 399 and 147.
21
Calculate the greatest common divisor of 459 and 816.
51
What is the greatest common factor of 4633 and 226?
113
What is the greatest common factor of 8 and 184?
8
What is the highest common divisor of 105 and 399?
21
Calculate the highest common divisor of 16 and 1616.
16
What is the highest common factor of 4736 and 296?
296
What is the highest common factor of 80 and 1390?
10
What is the highest common divisor of 5537 and 49?
49
Calculate the highest common factor of 1265 and 11.
11
What is the highest common divisor of 23 and 575?
23
Calculate the highest common divisor of 448 and 8.
8
What is the highest common divisor of 210 and 1155?
105
What is the highest common factor of 322 and 2392?
46
What is the highest common factor of 406 and 116?
58
Calculate the highest common factor of 507 and 6.
3
Calculate the greatest common factor of 11 and 6402.
11
Calculate the highest common divisor of 1134 and 154.
14
What is the greatest common factor of 451 and 41?
41
Calculate the highest common factor of 540 and 480.
60
Calculate the greatest common factor of 405 and 45.
45
What is the greatest common factor of 306 and 207?
9
What is the highest common factor of 5 and 7165?
5
Calculate the highest common factor of 37 and 1.
1
Calculate the greatest common factor of 320 and 576.
64
Calculate the greatest common factor of 45 and 1008.
9
Calculate the highest common factor of 32 and 1464.
8
What is the highest common factor of 98 and 6?
2
What is the greatest common divisor of 441 and 126?
63
Calculate the highest common divisor of 1537 and 53.
53
What is the highest common divisor of 26 and 390?
26
What is the greatest common factor of 368 and 92?
92
What is the highest common divisor of 9 and 1071?
9
Calculate the greatest common factor of 310 and 62.
62
What is the greatest common factor of 126 and 12?
6
What is the greatest common divisor of 36 and 20844?
36
What is the greatest common divisor of 7526 and 106?
106
Calculate the highest common factor of 646 and 38.
38
What is the highest common factor of 36207 and 149?
149
What is the highest common divisor of 4369 and 119?
17
What is the highest common divisor of 9 and 99?
9
Calculate the greatest common divisor of 1212 and 24.
12
What is the greatest common divisor of 63 and 1071?
63
Calculate the greatest common factor of 15 and 1185.
15
What is the highest common factor of 72 and 696?
24
What is the highest common divisor of 767 and 1298?
59
Calculate the greatest common factor of 222 and 1380.
6
Calculate the greatest common divisor of 31 and 9641.
31
Calculate the greatest common divisor of 161 and 667.
23
Calculate the highest common divisor of 16 and 7176.
8
Calculate the highest common factor of 952 and 272.
136
What is the greatest common divisor of 69234 and 66?
66
Calculate the greatest common factor of 27764 and 44.
44
Calculate the greatest common factor of 22 and 22.
22
Calculate the greatest common factor of 130 and 2665.
65
What is the greatest common divisor of 5 and 6?
1
Calculate the greatest common divisor of 95 and 105.
5
Calculate the highest common factor of 25 and 2225.
25
Calculate the greatest common divisor of 161 and 21.
7
What is the highest common factor of 990 and 1350?
90
What is the highest common divisor of 989 and 437?
23
Calculate the highest common divisor of 16 and 656.
16
What is the highest common factor of 9251 and 58?
29
Calculate the greatest common divisor of 6240 and 30.
30
Calculate the greatest common divisor of 253 and 161.
23
What is the highest common factor of 5 and 1045?
5
What is the greatest common factor of 165 and 105?
15
What is the greatest common factor of 366 and 61?
61
Calculate the highest common divisor of 196 and 3283.
49
What is the greatest common divisor of 60 and 282?
6
What is the highest common divisor of 160 and 1640?
40
What is the highest common divisor of 40108 and 148?
148
What is the highest common factor of 6768 and 54?
18
What is the greatest common divisor of 1836 and 748?
68
Calculate the highest common divisor of 4632 and 16.
8
What is the highest common factor of 1083 and 38?
19
Calculate the highest common divisor of 52 and 481.
13
Calculate the greatest common divisor of 264 and 1992.
24
Calculate the greatest common divisor of 22 and 297.
11
What is the highest common factor of 7055 and 85?
85
Calculate the highest common divisor of 207 and 558.
9
Calculate the highest common divisor of 2000 and 700.
100
What is the highest common divisor of 3223 and 11?
11
Calculate the highest common factor of 1352 and 312.
104
What is the greatest common divisor of 16 and 432?
16
What is the highest common factor of 256 and 28?
4
What is the highest common fact